 be 4/14 - 900/14. Let r(s) = -5*s - 167. Let m be r(-17). Let z = y - m. What is the tens digit of z?
1
Suppose -3*p - 11659 = -5*f, -3*p - p = -2*f + 4658. What is the units digit of f?
3
What is the thousands digit of ((-1606)/3)/(252/(-20034))?
2
Suppose 58*t = 62*t - 2592. Let g = -312 + t. What is the tens digit of g?
3
Let y = -23113 - -47406. What is the units digit of y?
3
Let n(u) = u + 2. Let j(x) be the third derivative of x**5/30 + 5*x**4/12 - 2*x**3 + 7*x**2. Let k be j(-6). What is the units digit of n(k)?
2
Let h be 2/(3/(-7)*(-15)/45). Suppose h*w = -29*w + 36507. What is the hundreds digit of w?
8
Let k = -6569 - -15196. What is the tens digit of k?
2
Let a be 18/(-4)*(-8)/(-4)*-3. Let c = 97 - a. What is the tens digit of c?
7
Suppose -314 = 9*z - 98. Let q = z + 27. What is the tens digit of (q/(-9))/((-5)/3090)?
0
What is the hundreds digit of (-156)/130 + 4 + (-955997)/(-35)?
3
Let i be 2*(-2 - -16)*(-6)/(-4). Let z = -38 + i. Suppose 2 - 5 = 3*b, 0 = -2*p + z*b + 250. What is the units digit of p?
3
Suppose 8*q + 79 = 2583. Let y = q - 163. What is the units digit of y?
0
Let h(p) = -2*p + 4. Let y be h(-16). What is the tens digit of (y - -5)/(3 + 22/(-8))?
6
Let j(d) = -d**2 + 11*d - 10. Let s be j(7). Let h(t) = -t**3 + 18*t**2 - t + 22. Let l be h(s). What is the tens digit of 2667/27 + l/18?
9
Let w(t) = 539*t + 46. What is the tens digit of w(3)?
6
Suppose 6*x + 1 = 5*x, -13 = -4*b + x. Let i(c) = -c**3 + 4*c**2 - 5*c - 2. Let p be i(b). Let l(m) = -m**2 - 11*m - 16. What is the units digit of l(p)?
8
Let c(l) = 4*l**2 - 9. Let u be c(-3). Suppose -a + 18 = u. What is the units digit of (-1)/(((-8)/96)/(a/(-2)))?
4
Suppose -9*f + 11*f = 108. Suppose g = f + 449. Suppose -6*i + 265 = -g. What is the tens digit of i?
2
Suppose 4*m = -w + 13 - 0, -2 = -2*w + 4*m. Let x(h) = 29*h**2 + 3*h - 30. What is the tens digit of x(w)?
1
Suppose -174*a - 48*a + 4271502 = 0. What is the ten thousands digit of a?
1
Let x(n) = -n**3 + 18*n**2 + 20*n + 30. Let y be x(19). Let i = 171 + 32. Let u = i - y. What is the hundreds digit of u?
1
Suppose 4*i - 2*i - 30 = 4*x, -4*i = -4*x - 40. Suppose 0*m - 2*w = i*m - 1780, -2*m - 2*w = -718. What is the tens digit of m?
5
Suppose -247*u + 249*u - z = 176893, -4*z + 265345 = 3*u. What is the hundreds digit of u?
4
Let j(u) = 20*u - 34. Let p be (6/(-14))/((-4)/28*1). Let q = p + 5. What is the tens digit of j(q)?
2
Let o(j) = 8*j**2 + 35*j + 1130. What is the hundreds digit of o(-46)?
4
Suppose -856942 + 150040 = -14*g. What is the thousands digit of g?
0
Let i(f) = 2*f. Let j be i(1). Let t(r) = 14*r**2 + 2*r + 4. What is the tens digit of t(j)?
6
Let y = 488 - -8048. What is the units digit of y?
6
Let g(y) = 4603*y**2 + 32*y + 65. What is the hundreds digit of g(-2)?
4
Suppose 3*i = 360*g - 361*g + 91782, -3*i = 3*g - 91782. What is the tens digit of i?
9
Let p be (-275)/(-10) + ((-12)/(-8))/1. Suppose 0 = p*r - 3593 - 2584. What is the hundreds digit of r?
2
Let t = 14087 + -1526. What is the hundreds digit of t?
5
Suppose 4*n + 212 = -3*d - 2*d, -2*n - 4*d = 100. Let w = n - -62. What is the hundreds digit of (-64)/w*(124/(-8) - -3)?
2
Let l = 8065 - 1628. What is the units digit of l?
7
Let y(z) = z**3 - 16*z**2 + 14*z + 18. Suppose c = 5*d, 3*d + 39 = 3*c + d. Let b be y(c). Suppose -288 = -b*w - w. What is the tens digit of w?
7
Suppose -2*z + 25 = -3. Suppose z*f - 233 = -51. What is the units digit of f?
3
Suppose 0 = 2*g + r - 61457, 0 = -4*g - 2312*r + 2315*r + 122939. What is the units digit of g?
1
Suppose -5*r + 3*n + 31153 = 0, 1540*r + 3*n = 1538*r + 12436. What is the thousands digit of r?
6
Let w(b) = 3*b**2 - 31*b - 19. Let j be w(11). Suppose j*g = r + 1268, -930 = -5*g - r + 1186. What is the hundreds digit of g?
4
Let c(s) = 73*s + 25. Let t(q) = q**2 - 4*q - 27. Let r be t(8). What is the units digit of c(r)?
0
Let r(t) = 199*t - 4. Let h be r(6). Suppose -5*w + 4*j + 1187 = 0, -3*j - 2*j - h = -5*w. What is the tens digit of w?
3
Let g = -153 - -268. Let k = g - 54. Let z = k + -28. What is the units digit of z?
3
Let b(r) be the second derivative of r**5/10 - 19*r**4/12 + 23*r**3/6 - 20*r**2 - 9*r - 1. What is the tens digit of b(12)?
5
Let n(k) = -2*k - 52. Let u be n(-9). Suppose 6*f = 4*f - 24. What is the tens digit of (425/u)/(2/f)?
7
Let g = -5132 + 10192. What is the units digit of g?
0
Suppose -38*o + 328 + 698 = 0. Suppose -22*s = -o*s + 3760. What is the units digit of s?
2
What is the ten thousands digit of (1636640/320)/(1 + ((-5)/(-2))/(-5))?
1
Suppose 0*o = -5*o - 3*i - 120, -3*o = i + 68. Let p be 49/o*(-258)/(-2). Let n = p - -494. What is the hundreds digit of n?
1
Let g = -8028 - -20270. What is the ten thousands digit of g?
1
Let t be (-10)/(-4)*(-3 + -103). Let o = t + 547. What is the hundreds digit of o?
2
Let i(s) = 350*s**3 - s**2 + 47*s - 238. What is the tens digit of i(4)?
3
Suppose 2*u = 10*u - 56. Suppose -5*r + 11 = 2*v - u, -4*r = -4*v - 20. Suppose 0*x = r*x - 112. What is the units digit of x?
8
Suppose 4*m - s - 172342 = 0, 103*m + 43096 = 104*m + 5*s. What is the hundreds digit of m?
0
Let n(y) = 32*y**2 + 50*y + 10. Let s(p) = -11*p**2 - 17*p - 3. Let f(h) = -2*n(h) - 7*s(h). Let w be f(7). Let m = -523 + w. What is the units digit of m?
8
Let f(s) = -1851*s - 206. What is the thousands digit of f(-3)?
5
Let c(g) = 18*g**2 + 36*g - 1055. What is the thousands digit of c(-45)?
3
Let l = -340 + 345. What is the units digit of 29358/45 + 3 + 3/l?
6
Let h = -3461 + 6153. What is the thousands digit of h?
2
Suppose -6*b + 2*b + r = -6319, 2*b - 3147 = 3*r. What is the hundreds digit of b?
5
Suppose 7*r + 97040 = 3*s - 0*s, 97016 = 3*s + 5*r. What is the ten thousands digit of s?
3
Let a(s) = 671*s**2 + 20*s + 59. What is the hundreds digit of a(-7)?
7
Suppose 35*g - 465 = 30*g. Suppose -7*s - g + 429 = 0. What is the tens digit of s?
4
Suppose -2*m + p - 4178 + 40144 = 0, m + 3*p - 17990 = 0. What is the ten thousands digit of m?
1
What is the hundreds digit of (4/(-48)*6)/((-4)/221096)?
6
Let u(y) = y**3 - 13*y**2 - 22*y + 31. Let t be ((-20)/(-10))/(1/7). Let p be u(t). Let m = p - -145. What is the units digit of m?
4
Suppose 2*q = -4, -40 = -5*u - q + 8. Suppose -u = -3*f - x, -2*x - 20 = -f - f. Suppose 222 = s + f*s. What is the tens digit of s?
3
Let w = -32 - -56. Let u be (-16)/w - (-1)/(-3). Let s(n) = -59*n**3 - 2*n**2 - 2*n. What is the tens digit of s(u)?
5
Suppose 3*b - 3*h = -9, -2*b - h = h - 6. Suppose -10*f + 8*f + 5*x + 2599 = b, f + 4*x = 1280. What is the thousands digit of f?
1
Suppose -234*t = -12621017 + 2465651. What is the ten thousands digit of t?
4
Let f = -2326 + 12253. What is the units digit of f?
7
Suppose -16 = i + 3*x + 14, i - 4*x + 23 = 0. Let q = 29 + i. Suppose 186 = -0*s + q*s. What is the units digit of s?
3
Suppose -4*h = y - 6*h, 5*h - 15 = 0. Let w be 144/60 - (3 + 26/(-10)). Suppose w*o + b - 1 = 0, -7*o + 2*b = -3*o - y. What is the units digit of o?
1
Let k = -32577 - -57550. What is the tens digit of k?
7
Let t(k) = 8*k**3 - 5*k**2 + 7. Let x be t(3). Suppose g - x = 81. What is the tens digit of g?
5
Let z(i) = i - 9. Let v be z(9). Let t be (1 - v)*(-7 + -4 + 8). Let g(d) = -9*d**3 - d**2 + d + 7. What is the tens digit of g(t)?
3
Let p = -22364 + 64711. What is the thousands digit of p?
2
Suppose 0*v - v = -2. Let p(k) = -2 - 10*k**v - k**3 - 6 + 33*k + 26. What is the tens digit of p(-13)?
9
Suppose -5*k + 14*k - 27 = 0. Suppose 2*j + 3*z = -k*j + 3060, -1840 = -3*j - z. Let p = j + -408. What is the tens digit of p?
0
What is the thousands digit of -2*1/(-3)*((-1617705)/(-46) + 3)?
3
Suppose -73*n + 449*n - 8824780 = 5930964. What is the ten thousands digit of n?
3
Suppose 5*g = 6*g - 186. Let x(m) = -m**3 + 12*m**2 + 7*m - 5. Let q be x(10). Let i = q - g. What is the units digit of i?
9
Suppose -2*a - z = -5*z - 1632, a - 828 = -2*z. What is the tens digit of a?
2
Suppose -4*u - 419 + 1671 = 2*y, 4*y + 3*u - 2524 = 0. Let p = y + 79. Suppose 7*q - p = 85. What is the hundreds digit of q?
1
Suppose 8*r = 4*r - 12. Let i be (-33)/2*100/(-75). Let t = i + r. What is the units digit of t?
9
Suppose -3*f + 13 = -0*d + d, f - 3 = -d. Let z be (f - 25)*(0 - (0 + 2)). Let y = z - 13.